is the remainder when (-10)/(-60) + f/(-6) is divided by 22?
21
Let d be 3*7/14*1132/6. Let h = d - 92. Calculate the remainder when h is divided by 39.
35
Let a = -220 + 234. What is the remainder when 34 is divided by a?
6
What is the remainder when 0 + 70 - (-2 - -7) is divided by 8?
1
Let d(b) be the second derivative of -19*b**3/6 - 2*b**2 - 21*b. Calculate the remainder when 2/(-8) + (-113)/(-4) is divided by d(-1).
13
Let l(d) = -3*d + 18. Let o be l(6). Suppose o = -3*u + 14 + 121. Calculate the remainder when u is divided by 16.
13
Let k(q) = 13*q - 15. Calculate the remainder when 48 is divided by k(4).
11
Let m = 1 - -4. Calculate the remainder when (-48)/(24/(-4)) - 2 is divided by m.
1
Suppose -4*d + 5 = -3*d. Calculate the remainder when d is divided by 1.
0
Let g(c) = 2*c**3 - 5*c**2 - 9*c + 1. What is the remainder when 322 is divided by g(5)?
79
Suppose 756 = g + 318. What is the remainder when g is divided by 21?
18
Suppose -5*f - d - 30 = -2*d, 0 = -3*d. What is the remainder when 107 is divided by (f/(-4))/((-3)/(-36))?
17
Suppose -53 - 10 = -9*l. Calculate the remainder when l is divided by 2/2*-1*-2.
1
Suppose -75*z = -72*z - 12. Let m be (1 - 2)*(-23)/1. Suppose 0 = -z*g + m + 5. What is the remainder when 22 is divided by g?
1
Suppose g - 16 = 2*w + 133, g - 150 = 3*w. Let i = 116 - 79. What is the remainder when g is divided by i?
36
Suppose -5*t = -10 - 5. Let b = -390 - -394. Calculate the remainder when b is divided by t.
1
Let l(s) = 31*s - 31. Calculate the remainder when l(3) is divided by 17.
11
Suppose 33 = z - 5*h, -2*h = -5*z + 3*h + 165. Let g = -29 + z. What is the remainder when g is divided by 1?
0
Suppose 3*u - 617 = -212. What is the remainder when u/21 + 24/42 is divided by 2?
1
Let u(v) = -v + 18. Let m be u(12). Let w be 2/m*2*-93. Let q = -42 - w. Calculate the remainder when 76 is divided by q.
16
Suppose 0 = -57*f + 42*f + 2505. What is the remainder when f is divided by 34?
31
Let l(x) = 2*x**2 - 4*x. Let q be 1/((-5)/(-10))*(0 + -20). Let u = q + 55. What is the remainder when u is divided by l(3)?
3
Let j = 122 + -52. Suppose -4*x + j = x. Suppose 50 = 4*u - 2*y - 64, 0 = 3*u - 2*y - 87. Calculate the remainder when u is divided by x.
13
Suppose 2*k = 3*j + 55, 0 = 3*j - 9. Suppose 5*p - 68 = 182. Calculate the remainder when p is divided by -1*k/(-2) + 16 + -15.
16
Let a = -33 - -4. What is the remainder when 2 - a*(4 - 3) is divided by 8?
7
Suppose 3*c - 2*m - 249 = 0, 249 = 3*c - 0*m - 3*m. Calculate the remainder when c is divided by 43.
40
Let c(i) = -15*i**2 + 2*i + 8. Let m be c(-2). Let n = m - -63. What is the remainder when 20 is divided by n?
6
Suppose 5*k - 448 = k. Let b(i) = i**2 + i - 5. Let n be b(-4). Suppose 4*m = 2*y + 78, 4*y - 3 = -n. What is the remainder when k is divided by m?
17
Let l = 78 - 59. What is the remainder when 35 is divided by l?
16
Let i(f) = -f**3 + 13*f**2 - 11*f + 12. Let n be i(12). Let v = 28 - n. Calculate the remainder when (0 - (-18)/(-8))*-4 is divided by v.
1
Let v(r) = -3*r**2 + 3*r - 5. Let c be v(-5). Suppose 5*h + 3*o - 73 = -11, 0 = 5*h + 2*o - 58. What is the remainder when c/(-15)*-3*-1 is divided by h?
9
Suppose 4*a - 9 = -x + 12, -x + 3 = a. What is the remainder when 62 is divided by a?
2
Suppose 11 = -t + 27. Calculate the remainder when t is divided by 3.
1
Suppose 15 + 14 = z. Suppose -5*t + 1 + z = 0. Calculate the remainder when t is divided by 3.
0
Let y(j) = 2*j + 10. What is the remainder when (18 + -1)*(-5 + 10) is divided by y(7)?
13
Let v be (-1)/(-3) + 609/9. Suppose o + 61 - v = 0. What is the remainder when (-131)/(-4) - 1/(-4) is divided by o?
5
Let r(q) = 7*q + 108. What is the remainder when 83 is divided by r(-12)?
11
Let g(l) = 6*l - 1. Let v = -11 - -12. Let w be g(v). Let x(n) = 2*n**2 - 6*n - 7. What is the remainder when 37 is divided by x(w)?
11
Let g be (-2)/5 + (-4)/(-10). Suppose 80 + g = 10*y. Calculate the remainder when 22 is divided by y.
6
Suppose -15*g + 1896 = -7*g. Calculate the remainder when g is divided by 80.
77
Suppose -66 = -5*t - o, t - 4*o = -0*t + 9. Let w = t - 6. What is the remainder when 11/(4 + 1 + -4) is divided by w?
4
Let m(b) = -b**2 + 38*b - 294. Calculate the remainder when 223 is divided by m(12).
7
Let z(i) = -i**3 + 7*i**2 - 4*i - 15. Let n be z(5). What is the remainder when 36 is divided by 7/35 + 192/n?
10
Suppose -136*t + 134*t + 252 = 0. What is the remainder when t is divided by 32?
30
Let t be ((-4)/(-10))/(1/10). Suppose 4*w + f = -0*f + t, 0 = 4*w - 5*f - 28. Calculate the remainder when w is divided by (-72)/(-40) - 1/(-5).
0
Let u(t) = -t**2 - 12*t - 3. Let m be u(-6). Let x = 39 - m. What is the remainder when 10 is divided by x?
4
Suppose 0 = -x + 5*q + 46, -3*x - 3*q = -8*x + 164. What is the remainder when 115 is divided by x?
22
Let v(k) = -2*k**2 - 19*k + 36. Calculate the remainder when 171 is divided by v(-10).
15
Let b(z) = -161*z - 640. Suppose u + 18 = 3*y, y + 3*u = 2 + 4. Calculate the remainder when y is divided by b(-4).
2
Let p(q) = q**2 - q - 8. What is the remainder when 4 is divided by p(-3)?
0
Let i(q) = 46*q**2 + q. What is the remainder when 134 is divided by i(-1)?
44
Let y = -2154 + 2176. What is the remainder when 656 is divided by y?
18
Let n = 294 - 199. Calculate the remainder when n is divided by 31.
2
What is the remainder when 38 is divided by (-29 + 6*(-1)/(-2))/(-2)?
12
Calculate the remainder when 27 is divided by -6 + (1602/60 - 12/(-40)).
6
Let b(x) = x**3 + 38*x**2 - 40*x + 23. Calculate the remainder when b(-39) is divided by 9.
8
Let z = -23 + 25. What is the remainder when (3 + -3)/(-6) - (-254)/z is divided by 32?
31
Let n(u) be the first derivative of 3/2*u**2 - 2 + 2*u + 2*u**3. Calculate the remainder when n(-2) is divided by 11.
9
Let m(n) = n + 15. Let y(o) = -o**2 + 11*o + 6. Let z be y(12). Let f be m(z). Suppose -f = -q - 2. What is the remainder when 20 is divided by q?
6
Let t = 338 + -301. What is the remainder when 255 is divided by t?
33
Suppose -4*g = 5*f - 33, 0*g + 24 = g - 4*f. What is the remainder when -3 + (-4)/(g/(-63)) is divided by (4/4)/(2/14)?
4
Let j = 75 + -72. Suppose -3*a + 3*x + 63 = 0, -j*x + 0*x = 5*a - 89. What is the remainder when 52 is divided by a?
14
Let k = -948 + 965. Calculate the remainder when 249 is divided by k.
11
Let i = 693 + -390. Calculate the remainder when i is divided by (-1 - -5)*(1 + -2) - -55*1.
48
Suppose 22 = 4*k + 2. Suppose -k*f + 6*f = 11. Let r(z) = z**3 + 8*z**2 + 8*z - 5. What is the remainder when r(-6) is divided by f?
8
Suppose -4*c + 188 = 3*j, -4*j = -j + 12. Let t be (-8)/(-10) + (-2090)/c. Let v = 95 + t. Calculate the remainder when v is divided by 14.
12
Let o(z) = 0*z**3 + 12 - 10*z + z**3 - 5*z**2 + 2*z**2. Let q be (16/20)/((-4)/(-30)). What is the remainder when o(q) is divided by 31?
29
Let t(h) = -25*h**3 + 3*h**2 + 5*h + 8. What is the remainder when t(-2) is divided by 104?
2
Let x(c) = -2*c + 20. Let a be x(0). Suppose 0 = a*n - 24*n + 264. Calculate the remainder when n is divided by 23.
20
What is the remainder when 1000 is divided by ((-140)/30)/(6/(-9))?
6
Let s = -24 + 25. Calculate the remainder when 17 is divided by (-3)/6*(-17 - s).
8
Suppose -3*r + g + 13 = 0, -2*r + 206*g + 9 = 205*g. What is the remainder when 42/4 + 1/2 is divided by r?
3
Suppose -t - 44 = -68. Let b(g) = -5 - 4*g + 4 + 4*g**2 - 2*g**2. What is the remainder when t is divided by b(3)?
4
Suppose 5*b = -4*o + 35, -2*o = -2*b - 9 - 13. What is the remainder when -1 - (2 + (-20 - 1)) is divided by o?
8
Let n = -163 - -206. What is the remainder when 128 is divided by n?
42
Suppose 0*u + 3*u = 255. Let p(n) = 5*n**2 - 35*n - 72. What is the remainder when u is divided by p(-2)?
13
Suppose -2*r + r = -63. Let q = 80 + r. Calculate the remainder when q is divided by 36.
35
Let j(x) = x - 56 + 58 - 2*x**2 - 2*x + 4*x**3. What is the remainder when 41 is divided by j(2)?
17
Calculate the remainder when 144 is divided by (-16)/176 + (-684)/(-22).
20
Suppose -4*b = 3*d + 14, -3*b - 12 = 5*d + 26. Let c(q) = -2*q**3 - 19*q**2 + 10*q + 2. Let p = -1 + 6. Calculate the remainder when p is divided by c(d).
1
Suppose 6*b - 29 = 181. What is the remainder when 136 is divided by b?
3